4
Calculate the remainder when 428844 is divided by 142710.
714
What is the remainder when 53825011 is divided by 173629?
21
What is the remainder when 3117458 is divided by 107?
13
What is the remainder when 795788 is divided by 102?
86
Calculate the remainder when 76667 is divided by 2554.
47
Calculate the remainder when 373681 is divided by 28727.
230
What is the remainder when 922486266 is divided by 43?
42
Calculate the remainder when 7412820 is divided by 150.
120
Calculate the remainder when 64514155 is divided by 327.
325
What is the remainder when 1391707 is divided by 30?
7
What is the remainder when 538177 is divided by 447?
436
What is the remainder when 1399703 is divided by 57?
11
Calculate the remainder when 2367680 is divided by 124612.
52
What is the remainder when 1023318 is divided by 85275?
18
What is the remainder when 35496728 is divided by 90?
8
What is the remainder when 86148 is divided by 2887?
2425
What is the remainder when 257013820 is divided by 5275?
5270
What is the remainder when 1338714 is divided by 223038?
486
Calculate the remainder when 3214011 is divided by 1306.
1251
What is the remainder when 1213426 is divided by 76?
10
Calculate the remainder when 276426 is divided by 3948.
66
What is the remainder when 56452 is divided by 4303?
513
What is the remainder when 23016 is divided by 6031?
4923
What is the remainder when 1842516 is divided by 14173?
26
What is the remainder when 376141627 is divided by 1748?
1743
Calculate the remainder when 404747 is divided by 82.
77
What is the remainder when 833402 is divided by 458?
300
What is the remainder when 156455378 is divided by 7066?
6
What is the remainder when 29008079 is divided by 73?
69
What is the remainder when 507517 is divided by 70?
17
Calculate the remainder when 41104 is divided by 3358.
808
Calculate the remainder when 104723126 is divided by 907.
906
Calculate the remainder when 1782767 is divided by 588.
539
Calculate the remainder when 225915 is divided by 665.
480
What is the remainder when 4030034 is divided by 1343341?
11
Calculate the remainder when 2386951 is divided by 98.
63
Calculate the remainder when 3763301 is divided by 36536.
93
Calculate the remainder when 45856 is divided by 4125.
481
What is the remainder when 159819605 is divided by 438?
413
Calculate the remainder when 523182 is divided by 1804.
22
What is the remainder when 1683804 is divided by 95?
24
Calculate the remainder when 361531 is divided by 925.
781
What is the remainder when 885121 is divided by 100?
21
Calculate the remainder when 12887523 is divided by 1578.
1575
What is the remainder when 8148923 is divided by 70860?
23
Calculate the remainder when 98778302 is divided by 10.
2
What is the remainder when 614790 is divided by 16177?
64
What is the remainder when 2198085 is divided by 8?
5
What is the remainder when 93580576 is divided by 46790284?
8
What is the remainder when 60733109 is divided by 138?
137
Calculate the remainder when 2933309 is divided by 77.
71
Calculate the remainder when 89762616 is divided by 134.
36
What is the remainder when 27795 is divided by 19926?
7869
Calculate the remainder when 15949436 is divided by 1560.
1556
What is the remainder when 930061 is divided by 84551?
0
What is the remainder when 6072670 is divided by 526?
0
Calculate the remainder when 45959 is divided by 9021.
854
What is the remainder when 1758619 is divided by 1157?
1136
Calculate the remainder when 2642566 is divided by 311.
310
What is the remainder when 41958 is divided by 1517?
999
What is the remainder when 10172 is divided by 4335?
1502
Calculate the remainder when 165028 is divided by 144.
4
What is the remainder when 9603090 is divided by 3201026?
12
What is the remainder when 169272 is divided by 33853?
7
What is the remainder when 3200698 is divided by 30?
28
What is the remainder when 2932466 is divided by 3487?
3386
What is the remainder when 535887 is divided by 94?
87
What is the remainder when 703372 is divided by 175825?
72
What is the remainder when 486904 is divided by 354?
154
What is the remainder when 56254293 is divided by 47?
40
What is the remainder when 44870852 is divided by 14956942?
26
What is the remainder when 46693 is divided by 45950?
743
What is the remainder when 3021928 is divided by 728?
0
Calculate the remainder when 55037 is divided by 78.
47
What is the remainder when 1453027 is divided by 11?
4
What is the remainder when 284209 is divided by 46511?
5143
Calculate the remainder when 861727 is divided by 287107.
406
What is the remainder when 1028114 is divided by 251?
18
What is the remainder when 186324 is divided by 1342?
1128
Calculate the remainder when 113711543 is divided by 8.
7
Calculate the remainder when 2488800 is divided by 1244394.
12
Calculate the remainder when 12788890 is divided by 19436.
2
What is the remainder when 22258284 is divided by 9255?
9
What is the remainder when 106605481 is divided by 6533?
6520
Calculate the remainder when 1649519 is divided by 4785.
3479
What is the remainder when 2242934 is divided by 186910?
14
What is the remainder when 299900125 is divided by 184?
181
Calculate the remainder when 7510339 is divided by 86.
45
Calculate the remainder when 23220923 is divided by 13532.
11
Calculate the remainder when 3179731 is divided by 750.
481
What is the remainder when 1449273 is divided by 30193?
9
What is the remainder when 359126 is divided by 89329?
1810
Calculate the remainder when 535935526 is divided by 1332.
1330
What is the remainder when 7894580 is divided by 3947285?
10
What is the remainder when 7277 is divided by 1554?
1061
What is the remainder when 42875882 is divided by 217644?
14
Calculate the remainder when 16251026 is divided by 812551.
6
Calculate the remainder when 356508 is divided by 22267.
236
What is the remainder when 27553184 is divided by 421?
418
What is the remainder when 11880 is divided by 2917?
212
Calculate the remainder when 501217 is divided by 6105.
607
Calculate the remainder when 154690 is divided by 77309.
72
Calculate the remainder when 554473 is divided by 2828.
185
Calculate the remainder when 110492 is divided by 1199.
184
Calculate the remainder when 50526047 is divided by 1043.
1041
Calculate the remainder when 66622 is divided by 33278.
66
Calculate the remainder when 9981207 is divided by 919.
867
Calculate the remainder when 1509334 is divided by 31.
6
Calculate the remainder when 35242 is divided by 8386.
1698
What is the remainder when 17251295 is divided by 17251294?
1
Calculate the remainder when 421855 is divided by 316.
311
What is the remainder when 14525079 is divided by 1089?
1086
What is the remainder when 176562 is divided by 3560?
2122
What is the remainder when 98440642 is divided by 10937849?
1
Calculate the remainder when 5076684 is divided by 3763.
397
What is the remainder when 10755 is divided by 2643?
183
Calculate the remainder when 249697 is divided by 2870.
7
What is the remainder when 113491 is divided by 17?
16
Calculate the remainder when 64886 is divided by 32324.
238
Calculate the remainder when 5862284 is divided by 7046.
12
What is the remainder when 5651276 is divided by 16?
12
What is the remainder when 9126261 is divided by 14?
11
Calculate the remainder when 1041285 is divided by 260302.
77
Calculate the remainder when 4727714 is divided by 2363833.
48
Calculate the remainder when 1366472 is divided by 589.
581
What is the remainder when 3451647 is divided by 1702?
1693
Calculate the remainder when 118208 is divided by 1662.
206
Calculate the remainder when 6533361 is divided by 2177708.
237
Calculate the remainder when 72292527 is divided by 114.
111
Calculate the remainder when 5389774 is divided by 733.
25
What is the remainder when 5175615 is divided by 3650?
3565
What is the remainder when 12902646 is divided by 151?
149
What is the remainder when 8798408 is divided by 28200?
8
What is the remainder when 16109722 is divided by 268494?
82
What is the remainder when 50365 is divided by 10998?
6373
Calculate the remainder when 79978 is divided by 1176.
10
Calculate the remainder when 13352 is divided by 3744.
2120
Calculate the remainder when 30865 is divided by 14875.
1115
What is the remainder when